91.
14
Calculate the remainder when 1401 is divided by 9.
6
Calculate the remainder when 644 is divided by 180.
104
Calculate the remainder when 3960 is divided by 247.
8
What is the remainder when 1252 is divided by 1241?
11
What is the remainder when 89 is divided by 10?
9
Calculate the remainder when 146 is divided by 4.
2
Calculate the remainder when 633 is divided by 12.
9
Calculate the remainder when 1115 is divided by 12.
11
Calculate the remainder when 1191 is divided by 172.
159
What is the remainder when 9171 is divided by 15?
6
What is the remainder when 825 is divided by 822?
3
Calculate the remainder when 1347 is divided by 22.
5
Calculate the remainder when 75 is divided by 32.
11
What is the remainder when 773 is divided by 97?
94
What is the remainder when 107 is divided by 19?
12
What is the remainder when 75 is divided by 28?
19
What is the remainder when 745 is divided by 255?
235
What is the remainder when 96 is divided by 25?
21
What is the remainder when 546 is divided by 149?
99
Calculate the remainder when 698 is divided by 27.
23
What is the remainder when 892 is divided by 168?
52
Calculate the remainder when 5959 is divided by 2977.
5
Calculate the remainder when 42 is divided by 13.
3
What is the remainder when 2028 is divided by 61?
15
Calculate the remainder when 398 is divided by 193.
12
Calculate the remainder when 116 is divided by 16.
4
Calculate the remainder when 2675 is divided by 47.
43
What is the remainder when 149 is divided by 62?
25
Calculate the remainder when 216 is divided by 41.
11
Calculate the remainder when 362 is divided by 14.
12
Calculate the remainder when 23861 is divided by 157.
154
What is the remainder when 157 is divided by 49?
10
Calculate the remainder when 37 is divided by 11.
4
What is the remainder when 596 is divided by 30?
26
Calculate the remainder when 73 is divided by 37.
36
What is the remainder when 41 is divided by 9?
5
What is the remainder when 3197 is divided by 84?
5
What is the remainder when 303 is divided by 21?
9
What is the remainder when 1003 is divided by 84?
79
Calculate the remainder when 457 is divided by 56.
9
What is the remainder when 338 is divided by 164?
10
Calculate the remainder when 497 is divided by 169.
159
What is the remainder when 56 is divided by 14?
0
What is the remainder when 1373 is divided by 150?
23
What is the remainder when 1532 is divided by 240?
92
What is the remainder when 821 is divided by 33?
29
What is the remainder when 43 is divided by 42?
1
Calculate the remainder when 75 is divided by 14.
5
What is the remainder when 2238 is divided by 19?
15
What is the remainder when 1125 is divided by 401?
323
Calculate the remainder when 706 is divided by 306.
94
What is the remainder when 2335 is divided by 117?
112
What is the remainder when 415 is divided by 139?
137
What is the remainder when 446 is divided by 174?
98
What is the remainder when 2734 is divided by 38?
36
Calculate the remainder when 1287 is divided by 92.
91
What is the remainder when 43 is divided by 18?
7
Calculate the remainder when 34270 is divided by 48.
46
Calculate the remainder when 6878 is divided by 32.
30
What is the remainder when 30 is divided by 1?
0
Calculate the remainder when 128 is divided by 36.
20
Calculate the remainder when 31 is divided by 17.
14
What is the remainder when 19466 is divided by 62?
60
What is the remainder when 69 is divided by 25?
19
Calculate the remainder when 408 is divided by 80.
8
What is the remainder when 6061 is divided by 4?
1
Calculate the remainder when 149 is divided by 20.
9
What is the remainder when 1343 is divided by 95?
13
What is the remainder when 33 is divided by 5?
3
What is the remainder when 186 is divided by 24?
18
Calculate the remainder when 209 is divided by 4.
1
Calculate the remainder when 1231 is divided by 12.
7
Calculate the remainder when 116 is divided by 59.
57
What is the remainder when 78 is divided by 9?
6
Calculate the remainder when 70 is divided by 11.
4
Calculate the remainder when 36 is divided by 3.
0
What is the remainder when 792 is divided by 194?
16
What is the remainder when 83 is divided by 42?
41
What is the remainder when 50 is divided by 36?
14
Calculate the remainder when 104 is divided by 35.
34
What is the remainder when 248 is divided by 50?
48
Calculate the remainder when 201 is divided by 64.
9
What is the remainder when 1987 is divided by 182?
167
Calculate the remainder when 188 is divided by 13.
6
What is the remainder when 167 is divided by 5?
2
Calculate the remainder when 1792 is divided by 55.
32
Calculate the remainder when 3376 is divided by 18.
10
Calculate the remainder when 230 is divided by 2.
0
Calculate the remainder when 1017 is divided by 12.
9
What is the remainder when 726 is divided by 26?
24
Calculate the remainder when 78 is divided by 20.
18
What is the remainder when 265 is divided by 194?
71
What is the remainder when 119 is divided by 15?
14
What is the remainder when 49 is divided by 13?
10
What is the remainder when 3313 is divided by 85?
83
Calculate the remainder when 1957 is divided by 33.
10
Calculate the remainder when 22 is divided by 6.
4
What is the remainder when 418 is divided by 60?
58
Calculate the remainder when 7682 is divided by 226.
224
What is the remainder when 988 is divided by 30?
28
Calculate the remainder when 127 is divided by 27.
19
Calculate the remainder when 2125 is divided by 4.
1
What is the remainder when 1853 is divided by 81?
71
Calculate the remainder when 319 is divided by 20.
19
What is the remainder when 11003 is divided by 21?
20
What is the remainder when 39 is divided by 17?
5
Calculate the remainder when 1400 is divided by 74.
68
Calculate the remainder when 74 is divided by 8.
2
Calculate the remainder when 318 is divided by 164.
154
Calculate the remainder when 359 is divided by 100.
59
What is the remainder when 490 is divided by 12?
10
What is the remainder when 1055 is divided by 28?
19
What is the remainder when 9074 is divided by 51?
47
What is the remainder when 82 is divided by 32?
18
What is the remainder when 32238 is divided by 104?
102
Calculate the remainder when 528 is divided by 13.
8
Calculate the remainder when 5594 is divided by 70.
64
Calculate the remainder when 160 is divided by 37.
12
Calculate the remainder when 4659 is divided by 106.
101
What is the remainder when 1258 is divided by 178?
12
Calculate the remainder when 687 is divided by 136.
7
What is the remainder when 118 is divided by 40?
38
Calculate the remainder when 299 is divided by 178.
121
Calculate the remainder when 2134 is divided by 61.
60
Calculate the remainder when 679 is divided by 585.
94
What is the remainder when 416 is divided by 19?
17
What is the remainder when 19195 is divided by 237?
235
What is the remainder when 1029 is divided by 45?
39
What is the remainder when 348 is divided by 11?
7
Calculate the remainder when 1152 is divided by 68.
64
What is the remainder when 687 is divided by 28?
15
Calculate the remainder when 228 is divided by 44.
8
Calculate the remainder when 29 is divided by 2.
1
What is the remainder when 130 is divided by 109?
21
Calculate the remainder when 262 is divided by 255.
7
What is the remainder when 4975 is divided by 106?
99
What is the remainder when 643 is divided by 215?
213
Calculate the remainder when 983 is divided by 16.
7
What is the remainder when 4442 is divided by 887?
7
Calculate the remainder when 2240 is divided by 1115.
10
What is the remainder when 177 is divided by 13?
8
What is the remainder when 1047 is divided by 50?
47
Calculate the remainder when 701 is divided by 18.
17
Calculate the remainder when 255 is divided by 84.
3
What is the remainder when 622 is divided by 311?
0
What is the remainder when 453 is divided by 2?
1
Calculate the remainder when 55 is divided by 4.
3
What is the remainder when 460 is divided by 94?
84
What is the remainder when 2923 is divided by 172?
171
What is the remainder when 1341 is divided by 21?
18
What is the remainder when 3305 is divided by 11?
5
What is the remainder when 3059 is divided by 170?
169
Calculate the remainder when 415 is divided by 13.
12
Calculate the remainder when 11 is divided by 3.
2
Calculate t